= -a - 9. Determine y(-8).
-1
Let j(n) = -37*n**2 - n - 2. What is j(-1)?
-38
Let k(v) = -v**3 + 2*v**2 + 5*v - 3. Calculate k(2).
7
Let z(g) = -29*g - 211. What is z(-7)?
-8
Let y(a) = -a**3 - 6*a**2 - 5*a - 27. Give y(-7).
57
Let p(y) = y**2 - 7*y + 4. What is p(13)?
82
Let b(x) = x**2 - 8*x - 28. Determine b(9).
-19
Let a(l) = -l - 11. What is a(6)?
-17
Let o(a) = a**3 + 5*a**2 - 10*a - 20. What is o(-6)?
4
Let j(g) = 17*g + 15. Calculate j(-5).
-70
Let f(j) = j**3 - 16*j**2 - 19*j + 11. Give f(17).
-23
Let j(n) = -n**2 + 23*n - 94. What is j(18)?
-4
Let k(v) = v**3 - 23*v**2 + 21*v + 20. Determine k(22).
-2
Let r(q) = 132*q - 1854. Give r(14).
-6
Let b(a) = -a**3 + 4*a**2 + 8*a - 3. Calculate b(5).
12
Let g(h) = -h**3 + 21*h**2 - 2*h + 58. Calculate g(21).
16
Let b(v) = 9*v + 3. Give b(2).
21
Let x(s) = -s**2 + 10*s - 7. Determine x(8).
9
Let m(g) = g**3 - 7*g**2 - 29*g - 12. Calculate m(10).
-2
Let o(r) = r**3 - 9*r**2 + 8*r - 2. Give o(8).
-2
Let z(t) = -4*t**2 + 7*t - 12. Give z(4).
-48
Let f(w) = w - 7. Determine f(-5).
-12
Let p(i) = -43*i + 1. What is p(-1)?
44
Let m(x) = x - 28. Determine m(15).
-13
Let j(k) = 2*k - 14. What is j(10)?
6
Let i(g) = 20*g**2 + g - 2. What is i(1)?
19
Let p(r) = -r**3 + 37*r**2 - 36*r - 1. What is p(36)?
-1
Let a(r) = -2*r**2 + 34*r + 29. What is a(17)?
29
Let h(w) = -w**3 + 7*w**2 - 7*w - 9. Determine h(6).
-15
Let o(q) = 2*q**2 + 13*q + 5. Calculate o(-7).
12
Let g(v) = v**2 - 3. What is g(-6)?
33
Let t(g) = 13*g + 254. What is t(-18)?
20
Let i(b) = 17*b + 17. Determine i(-2).
-17
Let j(c) = c**3 - 5*c**2 - 9*c + 18. Determine j(6).
0
Let p(u) = -5*u**2 + 22*u - 7. Calculate p(4).
1
Let v(n) = -n**3 + 17*n**2 + 4*n - 31. What is v(17)?
37
Let h(g) = g**2 + 7*g + 8. Determine h(-7).
8
Let p(n) = -n**3 - 11*n**2 + 6. What is p(-11)?
6
Let g(s) = -3*s - 3. Determine g(6).
-21
Let l(a) = -a**3 - 2*a**2 + 6*a - 4. What is l(2)?
-8
Let t(o) = 16*o**3 + 2*o**2 - 3*o. Calculate t(2).
130
Let s(l) = l**3 + 12*l**2 - 15*l - 2. Determine s(-13).
24
Let h(a) = a**3 - 3*a**2 - 4*a + 5. What is h(4)?
5
Let q(g) = -g**3 + 4*g**2 + 12*g - 16. Determine q(5).
19
Let t(x) = x**3 - 15*x**2 - 16*x - 8. Determine t(16).
-8
Let k(j) = 44*j**2 - 5*j + 4. Calculate k(1).
43
Let m(w) = -3*w**2 + 32*w + 68. Calculate m(-2).
-8
Let k(c) = 19*c + 2. What is k(2)?
40
Let l(z) = z**2 + 17*z + 20. Determine l(-16).
4
Let i(g) = 5*g**2 - 119*g - 11. Calculate i(24).
13
Let m(c) = c**2 - 16*c + 12. Calculate m(14).
-16
Let w(d) = 2*d**3 + 4*d**2 + 2*d + 7. Determine w(-4).
-65
Let r(t) = 2*t**2 + 35*t - 9. Calculate r(-16).
-57
Let h(q) = -14*q**2 + 6*q - 2. Give h(2).
-46
Let i(a) = -a**2 + 22*a - 31. Calculate i(21).
-10
Let w(f) = -f**2 - 2*f. What is w(-3)?
-3
Let a(l) = l**3 - 7*l**2 - 3*l - 8. Determine a(8).
32
Let d(w) = -w**2 + w + 5. What is d(3)?
-1
Let w(v) = 17*v + 6. Give w(-5).
-79
Let v(w) = w**2 + 2*w - 2. Give v(-4).
6
Let k(z) = 13*z - 18. What is k(-13)?
-187
Let c(s) = -34*s + 411. What is c(12)?
3
Let h(c) = c**2 - 11*c + 19. Determine h(9).
1
Let f(u) = u**3 - 10*u**2 + 15*u - 25. What is f(9)?
29
Let s(x) = 8*x**2 + 1. Calculate s(-1).
9
Let r(l) = -l**2 - 6*l - 2. Give r(-6).
-2
Let s(b) = 34*b - 196. What is s(6)?
8
Let q(p) = 25*p - 7. What is q(-3)?
-82
Let b(x) = -x**3 + 9*x**2 - 19*x + 15. Give b(7).
-20
Let p(k) = -k**2 - 20*k + 10. Determine p(-21).
-11
Let f(k) = -k - 11. Calculate f(-17).
6
Let g(n) = -91*n - 903. Calculate g(-10).
7
Let x(w) = -w**3 - 7*w**2 + w + 2. Determine x(-7).
-5
Let w(c) = -4*c**3 + c**2 + c + 3. Determine w(2).
-23
Let l(o) = -o**2 + 3*o - 7. Determine l(3).
-7
Let j(q) = -6*q - 5. Determine j(8).
-53
Let n(m) = m**2 - 22*m + 79. Determine n(11).
-42
Let k(c) = 7*c - 141. Determine k(22).
13
Let f(q) = -2*q**3 - 45*q**2 - 100*q - 4. Determine f(-20).
-4
Let q(l) = l**2 - 7*l - 4. Determine q(7).
-4
Let o(b) = 25*b - 1. Give o(-2).
-51
Let b(m) = -m**3 + 7*m**2 - 6*m - 8. What is b(6)?
-8
Let h(t) = t**3 - 9*t**2 - 38*t - 9. Give h(12).
-33
Let r(m) = m**3 - 2*m**2 - 12*m + 1. What is r(6)?
73
Let b(p) = p**3 - 7*p**2 - 6*p + 7. Calculate b(8).
23
Let d(r) = 141*r - 3. Give d(1).
138
Let r(g) = 2*g - 18. What is r(7)?
-4
Let a(k) = -4*k + 27. Determine a(14).
-29
Let b(h) = -h**3 + 10*h**2 - 7*h - 2. Calculate b(5).
88
Let s(v) = -2*v**2 + 8*v + 46. What is s(0)?
46
Let k(z) = z**3 - 12*z**2 + z - 10. Calculate k(12).
2
Let c(i) = -i - 41. Calculate c(-23).
-18
Let n(w) = -52*w - 14. Calculate n(-1).
38
Let u(w) = 19*w**3 + 3*w**2 - 8*w + 1. Give u(2).
149
Let x(m) = 4*m + 9. Determine x(-3).
-3
Let h(g) = g**3 - g - 26. Calculate h(0).
-26
Let s(o) = -19*o - 318. What is s(-16)?
-14
Let b(d) = d**2 + 41*d + 10. Give b(0).
10
Let v(s) = -s**2 + 15*s - 19. Give v(8).
37
Let i(x) = -7*x**2 + 39*x + 20. Determine i(6).
2
Let v(a) = -a + 25. What is v(9)?
16
Let g(i) = 11*i + 156. Determine g(-13).
13
Let z(j) = j**3 - 5*j**2 - 4*j + 6. Calculate z(6).
18
Let c(v) = -4*v + 96. Determine c(22).
8
Let x(v) = -v**2 - 20*v - 8. Determine x(-16).
56
Let l(g) = -20*g - 180. What is l(-10)?
20
Let v(c) = -4*c**2 - 30*c + 19. What is v(-8)?
3
Let p(r) = -r**2 + 12*r - 14. Give p(10).
6
Let n(x) = x**2 - 16*x - 54. Give n(-3).
3
Let n(g) = -6*g - 20. Give n(6).
-56
Let f(g) = 2*g**2 - 11*g - 1. Give f(5).
-6
Let b(f) = -2*f**2 + 14*f - 12. Calculate b(7).
-12
Let y(q) = q**3 + 13*q**2 + 11*q - 10. Determine y(-12).
2
Let v(x) = -5*x - 44. Determine v(-11).
11
Let i(q) = -3*q**2 - 12*q + 11. Calculate i(-5).
-4
Let t(c) = -14*c + 1. What is t(-3)?
43
Let o(x) = -40*x**3 + x**2 + x. Determine o(-1).
40
Let c(r) = -9*r - 155. Determine c(-17).
-2
Let n(w) = -w**2 + 1. Determine n(-2).
-3
Let a(o) = o - 17. What is a(18)?
1
Let h(n) = 6*n + 95. Determine h(-15).
5
Let y(k) = -32*k - 328. What is y(-10)?
-8
Let s(v) = v**3 + 11*v**2 + 19*v + 19. What is s(-9)?
10
Let a(g) = -g**2 - 2*g - 4. What is a(-3)?
-7
Let h(m) = -26*m + 78. Give h(3).
0
Let t(f) = -f**3 + 7*f**2 - 3*f. Calculate t(6).
18
Let c(d) = 4*d**2 + d + 2. Calculate c(-1).
5
Let n(c) = 11*c - 90. What is n(6)?
-24
Let o(n) = -4*n**2 + 21*n - 6. Determine o(6).
-24
Let r(y) = -3*y - 71. Calculate r(-22).
-5
Let g(z) = 77*z**3 - 2*z**2 - 2*z - 1. Calculate g(-1).
-78
Let r(q) = 9*q - 84. Determine r(9).
-3
Let y(u) = u - 12. What is y(6)?
-6
Let o(v) = v**3 + 7*v**2 - 11*v + 6. Calculate o(-9).
-57
Let h(w) = w**2 - 6*w + 5. What is h(6)?
5
Let z(t) = -12*t - 17. Give z(-6).
55
Let y(t) = 10*t - 19. Determine y(5).
31
Let s(a) = -a**3 + 11*a**2 - 11*a + 4. Calculate s(6).
118
Let q(m) = -m**2 + 8*m - 5. Give q(3).
10
Let x(o) = o**3 + 9*o**2 + 9*o + 3. Calculate x(-8).
-5
Let b(o) = 2*o. Determine b(5).
10
Let g(i) = -2*i**3 - 6*i**2 - 5*i - 14. Give g(-3).
1
Let u(n) = -n**2 - 9*n - 10. Give u(-5).
10
Let n(h) = -5*h + 3. Give n(3).
-12
Let u(j) = -6*j + 169. What is u(28)?
1
Let s(w) = 4*w**2 + 26*w + 27. Determine s(-7).
41
Let l(y) = -3*y**3 - y**2 - 2*y + 3. Determine l(1).
-3
Let m(t) = t**3 - 20*t**2 + 35*t + 36. Determine m(18).
18
Let u(o) = -o**3 - 4*o**2 - 8*o - 6. Give u(-3).
9
Let g(u) = 12*u + 124. Determine g(-7).
40
Let u(s) = -10*s + 25. Give u(5).
-25
Let c(x) = -2*x**2 + 15*x + 55. Give c(10).
5
Let n(o) = 4*o - 8. What is n(4)?
8
Let o(u) = -u**3 + 24*u**2 - 45*u + 13. What is o(22)?
-9
Let n(h) = h**3 + h**2 - 2*h + 1. Give n(0).
1
Let d(a) = -a**3 + 25*a**2 - 3*a + 47. Calculate d(25).
-28
Let w(t) = -t**3 + 5*t**2 - 2*t + 7. What is w(5)?
-3
Let t(i) = 9*i + 60. Calculate t(-5).
15
Let u(i) = 10*i - 64. Determine u(0).
-64
Let o(b) = -b - 21. Give o(4).
-25
Let y(w) = 2*w**2 + 2*w - 2. What is y(3)?
22
Let x(l) = 3*l**2 - 2*l + 4. Calculate x(2).
12
Let p(x) = -5*x**2 + 3*x - 3. Calculate p(1).
-5
Let d(q) = -q**3 + 3*q**2 - 5*q + 4. Give d(3).
-11
Let t(q) = 38*q. Determine t(1).
38
Let f(n) = n**2 - 2*n + 2. What is f(5)?
17
Let o(w) = 4*w - 101. Determine o(22).
-13
Let h(l) = 3*l**3 + 5*l + 5. Give h(-2).
-29
Let i(w) = -7*w**2 + 14*w. Give i(4).
-56
Let a(y) = y**3 + 6*y**2 + y - 2. Give a(-5).
18
Let w(n) = -n**3 - 6*n**2 + 7. Calculate w(-6).
7
Let o(l) = -2*l**2 + 25*l + 11. What is o(13)?
-2
Let u(p) = -2*p**2 + 3. Calculate u(-3).
-15
Let d(c) = -c**3 - 14*c**2 - 51*c - 1. Determine d(-6).
17